{"id":925,"date":"2022-11-21T16:04:19","date_gmt":"2022-11-21T14:04:19","guid":{"rendered":"https:\/\/binaturalproducts.com\/?post_type=product&#038;p=925"},"modified":"2025-09-20T13:36:44","modified_gmt":"2025-09-20T11:36:44","slug":"karacsonyi-ajandekcsomag-ferfiaknak-ii","status":"publish","type":"product","link":"https:\/\/binaturalproducts.com\/ro\/produs\/karacsonyi-ajandekcsomag-ferfiaknak-ii\/","title":{"rendered":"Pachet cadou pentru b\u0103rba\u021bi"},"content":{"rendered":"<p>Pachetul cadou con\u021bine:<\/p>\n<ul>\n<li>deodorant<\/li>\n<li>pudr\u0103 de din\u021bi cu c\u0103rbune activ<\/li>\n<li>Parfum pentru barbat<\/li>\n<li>\u0219ampon solid (pute\u021bi alege tipul \u00een comentarii la comanda)<\/li>\n<\/ul>","protected":false},"excerpt":{"rendered":"<p>D\u0103ruie\u0219te un pachet de cosmetice naturale artizanale pentru orice ocazie, pentru b\u0103rba\u021bi!<\/p>","protected":false},"featured_media":5728,"comment_status":"open","ping_status":"closed","template":"","meta":[],"product_brand":[],"product_cat":[45,40],"product_tag":[],"class_list":{"0":"post-925","1":"product","2":"type-product","3":"status-publish","4":"has-post-thumbnail","6":"product_cat-osszes","7":"product_cat-ajandekcsomagok","9":"first","10":"instock","11":"sale","12":"shipping-taxable","13":"purchasable","14":"product-type-simple"},"yoast_head":"<!-- This site is optimized with the Yoast SEO plugin v27.4 - https:\/\/yoast.com\/product\/yoast-seo-wordpress\/ -->\n<title>Aj\u00e1nd\u00e9kcsomag f\u00e9rfiaknak - Binaturalproducts<\/title>\n<meta name=\"robots\" content=\"index, follow, max-snippet:-1, max-image-preview:large, max-video-preview:-1\" \/>\n<link rel=\"canonical\" href=\"https:\/\/binaturalproducts.com\/ro\/produs\/karacsonyi-ajandekcsomag-ferfiaknak-ii\/\" \/>\n<meta property=\"og:locale\" content=\"ro_RO\" \/>\n<meta property=\"og:type\" content=\"article\" \/>\n<meta property=\"og:title\" content=\"Aj\u00e1nd\u00e9kcsomag f\u00e9rfiaknak - Binaturalproducts\" \/>\n<meta property=\"og:description\" content=\"Aj\u00e1nd\u00e9kozzunk nat\u00far k\u00e9zm\u0171ves kozmetikum csomagot b\u00e1rmilyen alkalomra, f\u00e9rfiaknak.\" \/>\n<meta property=\"og:url\" content=\"https:\/\/binaturalproducts.com\/ro\/produs\/karacsonyi-ajandekcsomag-ferfiaknak-ii\/\" \/>\n<meta property=\"og:site_name\" content=\"Binaturalproducts\" \/>\n<meta property=\"article:modified_time\" content=\"2025-09-20T11:36:44+00:00\" \/>\n<meta property=\"og:image\" content=\"https:\/\/binaturalproducts.com\/wp-content\/uploads\/2022\/11\/IMG_20250212_152254-1.jpg\" \/>\n\t<meta property=\"og:image:width\" content=\"1920\" \/>\n\t<meta property=\"og:image:height\" content=\"1080\" \/>\n\t<meta property=\"og:image:type\" content=\"image\/jpeg\" \/>\n<meta name=\"twitter:card\" content=\"summary_large_image\" \/>\n<meta name=\"twitter:label1\" content=\"Timp estimat pentru citire\" \/>\n\t<meta name=\"twitter:data1\" content=\"1 minut\" \/>\n<script type=\"application\/ld+json\" class=\"yoast-schema-graph\">{\"@context\":\"https:\\\/\\\/schema.org\",\"@graph\":[{\"@type\":\"WebPage\",\"@id\":\"https:\\\/\\\/binaturalproducts.com\\\/termek\\\/karacsonyi-ajandekcsomag-ferfiaknak-ii\\\/\",\"url\":\"https:\\\/\\\/binaturalproducts.com\\\/termek\\\/karacsonyi-ajandekcsomag-ferfiaknak-ii\\\/\",\"name\":\"Aj\u00e1nd\u00e9kcsomag f\u00e9rfiaknak - Binaturalproducts\",\"isPartOf\":{\"@id\":\"https:\\\/\\\/binaturalproducts.com\\\/#website\"},\"primaryImageOfPage\":{\"@id\":\"https:\\\/\\\/binaturalproducts.com\\\/termek\\\/karacsonyi-ajandekcsomag-ferfiaknak-ii\\\/#primaryimage\"},\"image\":{\"@id\":\"https:\\\/\\\/binaturalproducts.com\\\/termek\\\/karacsonyi-ajandekcsomag-ferfiaknak-ii\\\/#primaryimage\"},\"thumbnailUrl\":\"https:\\\/\\\/binaturalproducts.com\\\/wp-content\\\/uploads\\\/2022\\\/11\\\/IMG_20250212_152254-1.jpg\",\"datePublished\":\"2022-11-21T14:04:19+00:00\",\"dateModified\":\"2025-09-20T11:36:44+00:00\",\"breadcrumb\":{\"@id\":\"https:\\\/\\\/binaturalproducts.com\\\/termek\\\/karacsonyi-ajandekcsomag-ferfiaknak-ii\\\/#breadcrumb\"},\"inLanguage\":\"ro-RO\",\"potentialAction\":[{\"@type\":\"ReadAction\",\"target\":[\"https:\\\/\\\/binaturalproducts.com\\\/termek\\\/karacsonyi-ajandekcsomag-ferfiaknak-ii\\\/\"]}]},{\"@type\":\"ImageObject\",\"inLanguage\":\"ro-RO\",\"@id\":\"https:\\\/\\\/binaturalproducts.com\\\/termek\\\/karacsonyi-ajandekcsomag-ferfiaknak-ii\\\/#primaryimage\",\"url\":\"https:\\\/\\\/binaturalproducts.com\\\/wp-content\\\/uploads\\\/2022\\\/11\\\/IMG_20250212_152254-1.jpg\",\"contentUrl\":\"https:\\\/\\\/binaturalproducts.com\\\/wp-content\\\/uploads\\\/2022\\\/11\\\/IMG_20250212_152254-1.jpg\",\"width\":1920,\"height\":1080},{\"@type\":\"BreadcrumbList\",\"@id\":\"https:\\\/\\\/binaturalproducts.com\\\/termek\\\/karacsonyi-ajandekcsomag-ferfiaknak-ii\\\/#breadcrumb\",\"itemListElement\":[{\"@type\":\"ListItem\",\"position\":1,\"name\":\"Kezd\u0151lap\",\"item\":\"https:\\\/\\\/binaturalproducts.com\\\/\"},{\"@type\":\"ListItem\",\"position\":2,\"name\":\"\u00dczlet\",\"item\":\"https:\\\/\\\/binaturalproducts.com\\\/uzlet\\\/\"},{\"@type\":\"ListItem\",\"position\":3,\"name\":\"Aj\u00e1nd\u00e9kcsomag f\u00e9rfiaknak\"}]},{\"@type\":\"WebSite\",\"@id\":\"https:\\\/\\\/binaturalproducts.com\\\/#website\",\"url\":\"https:\\\/\\\/binaturalproducts.com\\\/\",\"name\":\"Binaturalproducts\",\"description\":\"Nat\u00far term\u00e9kek Erd\u00e9ly sz\u00edv\u00e9b\u0151l\",\"potentialAction\":[{\"@type\":\"SearchAction\",\"target\":{\"@type\":\"EntryPoint\",\"urlTemplate\":\"https:\\\/\\\/binaturalproducts.com\\\/?s={search_term_string}\"},\"query-input\":{\"@type\":\"PropertyValueSpecification\",\"valueRequired\":true,\"valueName\":\"search_term_string\"}}],\"inLanguage\":\"ro-RO\"}]}<\/script>\n<!-- \/ Yoast SEO plugin. -->","yoast_head_json":{"title":"Aj\u00e1nd\u00e9kcsomag f\u00e9rfiaknak - Binaturalproducts","robots":{"index":"index","follow":"follow","max-snippet":"max-snippet:-1","max-image-preview":"max-image-preview:large","max-video-preview":"max-video-preview:-1"},"canonical":"https:\/\/binaturalproducts.com\/ro\/produs\/karacsonyi-ajandekcsomag-ferfiaknak-ii\/","og_locale":"ro_RO","og_type":"article","og_title":"Aj\u00e1nd\u00e9kcsomag f\u00e9rfiaknak - Binaturalproducts","og_description":"Aj\u00e1nd\u00e9kozzunk nat\u00far k\u00e9zm\u0171ves kozmetikum csomagot b\u00e1rmilyen alkalomra, f\u00e9rfiaknak.","og_url":"https:\/\/binaturalproducts.com\/ro\/produs\/karacsonyi-ajandekcsomag-ferfiaknak-ii\/","og_site_name":"Binaturalproducts","article_modified_time":"2025-09-20T11:36:44+00:00","og_image":[{"width":1920,"height":1080,"url":"https:\/\/binaturalproducts.com\/wp-content\/uploads\/2022\/11\/IMG_20250212_152254-1.jpg","type":"image\/jpeg"}],"twitter_card":"summary_large_image","twitter_misc":{"Timp estimat pentru citire":"1 minut"},"schema":{"@context":"https:\/\/schema.org","@graph":[{"@type":"WebPage","@id":"https:\/\/binaturalproducts.com\/termek\/karacsonyi-ajandekcsomag-ferfiaknak-ii\/","url":"https:\/\/binaturalproducts.com\/termek\/karacsonyi-ajandekcsomag-ferfiaknak-ii\/","name":"Aj\u00e1nd\u00e9kcsomag f\u00e9rfiaknak - Binaturalproducts","isPartOf":{"@id":"https:\/\/binaturalproducts.com\/#website"},"primaryImageOfPage":{"@id":"https:\/\/binaturalproducts.com\/termek\/karacsonyi-ajandekcsomag-ferfiaknak-ii\/#primaryimage"},"image":{"@id":"https:\/\/binaturalproducts.com\/termek\/karacsonyi-ajandekcsomag-ferfiaknak-ii\/#primaryimage"},"thumbnailUrl":"https:\/\/binaturalproducts.com\/wp-content\/uploads\/2022\/11\/IMG_20250212_152254-1.jpg","datePublished":"2022-11-21T14:04:19+00:00","dateModified":"2025-09-20T11:36:44+00:00","breadcrumb":{"@id":"https:\/\/binaturalproducts.com\/termek\/karacsonyi-ajandekcsomag-ferfiaknak-ii\/#breadcrumb"},"inLanguage":"ro-RO","potentialAction":[{"@type":"ReadAction","target":["https:\/\/binaturalproducts.com\/termek\/karacsonyi-ajandekcsomag-ferfiaknak-ii\/"]}]},{"@type":"ImageObject","inLanguage":"ro-RO","@id":"https:\/\/binaturalproducts.com\/termek\/karacsonyi-ajandekcsomag-ferfiaknak-ii\/#primaryimage","url":"https:\/\/binaturalproducts.com\/wp-content\/uploads\/2022\/11\/IMG_20250212_152254-1.jpg","contentUrl":"https:\/\/binaturalproducts.com\/wp-content\/uploads\/2022\/11\/IMG_20250212_152254-1.jpg","width":1920,"height":1080},{"@type":"BreadcrumbList","@id":"https:\/\/binaturalproducts.com\/termek\/karacsonyi-ajandekcsomag-ferfiaknak-ii\/#breadcrumb","itemListElement":[{"@type":"ListItem","position":1,"name":"Kezd\u0151lap","item":"https:\/\/binaturalproducts.com\/"},{"@type":"ListItem","position":2,"name":"\u00dczlet","item":"https:\/\/binaturalproducts.com\/uzlet\/"},{"@type":"ListItem","position":3,"name":"Aj\u00e1nd\u00e9kcsomag f\u00e9rfiaknak"}]},{"@type":"WebSite","@id":"https:\/\/binaturalproducts.com\/#website","url":"https:\/\/binaturalproducts.com\/","name":"Binaturalproducts","description":"PRODUSE NATURALE DIN INIMA TRANSILVANIEI","potentialAction":[{"@type":"SearchAction","target":{"@type":"EntryPoint","urlTemplate":"https:\/\/binaturalproducts.com\/?s={search_term_string}"},"query-input":{"@type":"PropertyValueSpecification","valueRequired":true,"valueName":"search_term_string"}}],"inLanguage":"ro-RO"}]}},"_links":{"self":[{"href":"https:\/\/binaturalproducts.com\/ro\/wp-json\/wp\/v2\/product\/925","targetHints":{"allow":["GET"]}}],"collection":[{"href":"https:\/\/binaturalproducts.com\/ro\/wp-json\/wp\/v2\/product"}],"about":[{"href":"https:\/\/binaturalproducts.com\/ro\/wp-json\/wp\/v2\/types\/product"}],"replies":[{"embeddable":true,"href":"https:\/\/binaturalproducts.com\/ro\/wp-json\/wp\/v2\/comments?post=925"}],"wp:featuredmedia":[{"embeddable":true,"href":"https:\/\/binaturalproducts.com\/ro\/wp-json\/wp\/v2\/media\/5728"}],"wp:attachment":[{"href":"https:\/\/binaturalproducts.com\/ro\/wp-json\/wp\/v2\/media?parent=925"}],"wp:term":[{"taxonomy":"product_brand","embeddable":true,"href":"https:\/\/binaturalproducts.com\/ro\/wp-json\/wp\/v2\/product_brand?post=925"},{"taxonomy":"product_cat","embeddable":true,"href":"https:\/\/binaturalproducts.com\/ro\/wp-json\/wp\/v2\/product_cat?post=925"},{"taxonomy":"product_tag","embeddable":true,"href":"https:\/\/binaturalproducts.com\/ro\/wp-json\/wp\/v2\/product_tag?post=925"}],"curies":[{"name":"wp","href":"https:\/\/api.w.org\/{rel}","templated":true}]}}

Pachet cadou pentru bărbați

<p>Pachetul cadou conține:</p>
<ul>
<li>deodorant</li>
<li>pudră de dinți cu cărbune activ</li>
<li>Parfum pentru barbat</li>
<li>șampon solid (puteți alege tipul în comentarii la comanda)</li>
</ul>

<p>Dăruiește un pachet de cosmetice naturale artizanale pentru orice ocazie, pentru bărbați!</p>

<!-- This site is optimized with the Yoast SEO plugin v27.4 - https://yoast.com/product/yoast-seo-wordpress/ -->
<title>Ajándékcsomag férfiaknak - Binaturalproducts</title>
<meta name="robots" content="index, follow, max-snippet:-1, max-image-preview:large, max-video-preview:-1" />
<link rel="canonical" href="https://binaturalproducts.com/ro/produs/karacsonyi-ajandekcsomag-ferfiaknak-ii/" />
<meta property="og:locale" content="ro_RO" />
<meta property="og:type" content="article" />
<meta property="og:title" content="Ajándékcsomag férfiaknak - Binaturalproducts" />
<meta property="og:description" content="Ajándékozzunk natúr kézműves kozmetikum csomagot bármilyen alkalomra, férfiaknak." />
<meta property="og:url" content="https://binaturalproducts.com/ro/produs/karacsonyi-ajandekcsomag-ferfiaknak-ii/" />
<meta property="og:site_name" content="Binaturalproducts" />
<meta property="article:modified_time" content="2025-09-20T11:36:44+00:00" />
<meta property="og:image" content="https://binaturalproducts.com/wp-content/uploads/2022/11/IMG_20250212_152254-1.jpg" />
	<meta property="og:image:width" content="1920" />
	<meta property="og:image:height" content="1080" />
	<meta property="og:image:type" content="image/jpeg" />
<meta name="twitter:card" content="summary_large_image" />
<meta name="twitter:label1" content="Timp estimat pentru citire" />
	<meta name="twitter:data1" content="1 minut" />
<script type="application/ld+json" class="yoast-schema-graph">{"@context":"https:\/\/schema.org","@graph":[{"@type":"WebPage","@id":"https:\/\/binaturalproducts.com\/termek\/karacsonyi-ajandekcsomag-ferfiaknak-ii\/","url":"https:\/\/binaturalproducts.com\/termek\/karacsonyi-ajandekcsomag-ferfiaknak-ii\/","name":"Ajándékcsomag férfiaknak - Binaturalproducts","isPartOf":{"@id":"https:\/\/binaturalproducts.com\/#website"},"primaryImageOfPage":{"@id":"https:\/\/binaturalproducts.com\/termek\/karacsonyi-ajandekcsomag-ferfiaknak-ii\/#primaryimage"},"image":{"@id":"https:\/\/binaturalproducts.com\/termek\/karacsonyi-ajandekcsomag-ferfiaknak-ii\/#primaryimage"},"thumbnailUrl":"https:\/\/binaturalproducts.com\/wp-content\/uploads\/2022\/11\/IMG_20250212_152254-1.jpg","datePublished":"2022-11-21T14:04:19+00:00","dateModified":"2025-09-20T11:36:44+00:00","breadcrumb":{"@id":"https:\/\/binaturalproducts.com\/termek\/karacsonyi-ajandekcsomag-ferfiaknak-ii\/#breadcrumb"},"inLanguage":"ro-RO","potentialAction":[{"@type":"ReadAction","target":["https:\/\/binaturalproducts.com\/termek\/karacsonyi-ajandekcsomag-ferfiaknak-ii\/"]}]},{"@type":"ImageObject","inLanguage":"ro-RO","@id":"https:\/\/binaturalproducts.com\/termek\/karacsonyi-ajandekcsomag-ferfiaknak-ii\/#primaryimage","url":"https:\/\/binaturalproducts.com\/wp-content\/uploads\/2022\/11\/IMG_20250212_152254-1.jpg","contentUrl":"https:\/\/binaturalproducts.com\/wp-content\/uploads\/2022\/11\/IMG_20250212_152254-1.jpg","width":1920,"height":1080},{"@type":"BreadcrumbList","@id":"https:\/\/binaturalproducts.com\/termek\/karacsonyi-ajandekcsomag-ferfiaknak-ii\/#breadcrumb","itemListElement":[{"@type":"ListItem","position":1,"name":"Kezdőlap","item":"https:\/\/binaturalproducts.com\/"},{"@type":"ListItem","position":2,"name":"Üzlet","item":"https:\/\/binaturalproducts.com\/uzlet\/"},{"@type":"ListItem","position":3,"name":"Ajándékcsomag férfiaknak"}]},{"@type":"WebSite","@id":"https:\/\/binaturalproducts.com\/#website","url":"https:\/\/binaturalproducts.com\/","name":"Binaturalproducts","description":"Natúr termékek Erdély szívéből","potentialAction":[{"@type":"SearchAction","target":{"@type":"EntryPoint","urlTemplate":"https:\/\/binaturalproducts.com\/?s={search_term_string}"},"query-input":{"@type":"PropertyValueSpecification","valueRequired":true,"valueName":"search_term_string"}}],"inLanguage":"ro-RO"}]}</script>
<!-- / Yoast SEO plugin. -->

Ajándékcsomag férfiaknak - Binaturalproducts

Ajándékozzunk natúr kézműves kozmetikum csomagot bármilyen alkalomra, férfiaknak.

Kezdőlap

Üzlet

Ajándékcsomag férfiaknak
